{"id":9,"date":"2017-02-13T08:59:49","date_gmt":"2017-02-13T08:59:49","guid":{"rendered":"https:\/\/f2abogadosdotcom.wordpress.com\/?page_id=3"},"modified":"2024-02-13T12:40:22","modified_gmt":"2024-02-13T12:40:22","slug":"contacto","status":"publish","type":"page","link":"https:\/\/f2abogados.com\/index.php\/contacto\/","title":{"rendered":"Contacto"},"content":{"rendered":"<p style=\"text-align: center;\">Para contactar con nosotros puede llamarnos\u00a0 al n\u00famero <strong>+34 639144099<\/strong> o mandarnos un mail a la\u00a0 direcci\u00f3n de correo electr\u00f3nico <strong>info@f2abogados.com<\/strong><\/p>\n<p style=\"text-align: center;\">En cumplimiento de lo establecido en la\u00a0<a href=\"http:\/\/go.vlex.com\/vid\/127398?fbt=webapp_preview\">Ley Org\u00e1nica 15\/1999, de 13 de diciembre<\/a>, de Protecci\u00f3n de Datos de Car\u00e1cter Personal, le comunicamos que los datos que usted nos facilite quedar\u00e1n incorporados y ser\u00e1n tratados en los ficheros titularidad de F2 ABOGADOS, cuya responsable en materia de datos es la letrada Do\u00f1a Lorena Fern\u00e1ndez Fiestas, con el fin de poderle prestar nuestros servicios, as\u00ed como para mantenerle informado sobre cuestiones relativas a la actividad de la empresa y sus servicios.<\/p>\n<p style=\"text-align: center;\">Asimismo, le informamos de la posibilidad que tiene de ejercer los derechos de acceso, rectificaci\u00f3n, cancelaci\u00f3n y oposici\u00f3n de sus datos de car\u00e1cter personal mediante correo electr\u00f3nico a la direcci\u00f3n info@f2abogados.com, acompa\u00f1ando copia de DNI.<\/p>\n<p style=\"text-align: center;\">\n","protected":false},"excerpt":{"rendered":"<p>Se trata de un simple y breve extracto de la p\u00e1gina&nbsp;de contacto<\/p>\n","protected":false},"author":1,"featured_media":0,"parent":0,"menu_order":2,"comment_status":"closed","ping_status":"closed","template":"","meta":{"footnotes":""},"class_list":["post-9","page","type-page","status-publish","hentry"],"_links":{"self":[{"href":"https:\/\/f2abogados.com\/index.php\/wp-json\/wp\/v2\/pages\/9","targetHints":{"allow":["GET"]}}],"collection":[{"href":"https:\/\/f2abogados.com\/index.php\/wp-json\/wp\/v2\/pages"}],"about":[{"href":"https:\/\/f2abogados.com\/index.php\/wp-json\/wp\/v2\/types\/page"}],"author":[{"embeddable":true,"href":"https:\/\/f2abogados.com\/index.php\/wp-json\/wp\/v2\/users\/1"}],"replies":[{"embeddable":true,"href":"https:\/\/f2abogados.com\/index.php\/wp-json\/wp\/v2\/comments?post=9"}],"version-history":[{"count":4,"href":"https:\/\/f2abogados.com\/index.php\/wp-json\/wp\/v2\/pages\/9\/revisions"}],"predecessor-version":[{"id":328,"href":"https:\/\/f2abogados.com\/index.php\/wp-json\/wp\/v2\/pages\/9\/revisions\/328"}],"wp:attachment":[{"href":"https:\/\/f2abogados.com\/index.php\/wp-json\/wp\/v2\/media?parent=9"}],"curies":[{"name":"wp","href":"https:\/\/api.w.org\/{rel}","templated":true}]}}